{"id":149,"date":"2021-11-21T20:39:51","date_gmt":"2021-11-21T19:39:51","guid":{"rendered":"http:\/\/www.osteopathe-antibes-asse.fr\/?page_id=149"},"modified":"2021-11-21T20:56:50","modified_gmt":"2021-11-21T19:56:50","slug":"osteopathie","status":"publish","type":"page","link":"https:\/\/www.osteopathe-antibes-asse.fr\/index.php\/osteopathie\/","title":{"rendered":"Ost\u00e9opathie"},"content":{"rendered":"\n<p>Musculo-squelettiques<\/p>\n\n\n\n<p>Visc\u00e9ral<\/p>\n\n\n\n<p>Cr\u00e2nien<\/p>\n\n\n\n<ul><li><strong>L\u2019OST\u00c9OPATHIE POUR LES NOURRISSONS<\/strong><\/li><\/ul>\n\n\n\n<div class=\"wp-block-image is-style-rounded\"><figure class=\"aligncenter size-large is-resized\"><img loading=\"lazy\" src=\"http:\/\/www.osteopathe-antibes-asse.fr\/wp-content\/uploads\/2021\/11\/IMG_01D8E7F5F82F-1-1-817x1024.jpeg\" alt=\"\" class=\"wp-image-161\" width=\"260\" height=\"325\" srcset=\"https:\/\/www.osteopathe-antibes-asse.fr\/wp-content\/uploads\/2021\/11\/IMG_01D8E7F5F82F-1-1-817x1024.jpeg 817w, https:\/\/www.osteopathe-antibes-asse.fr\/wp-content\/uploads\/2021\/11\/IMG_01D8E7F5F82F-1-1-239x300.jpeg 239w, https:\/\/www.osteopathe-antibes-asse.fr\/wp-content\/uploads\/2021\/11\/IMG_01D8E7F5F82F-1-1-768x963.jpeg 768w, https:\/\/www.osteopathe-antibes-asse.fr\/wp-content\/uploads\/2021\/11\/IMG_01D8E7F5F82F-1-1.jpeg 1170w\" sizes=\"(max-width: 260px) 100vw, 260px\" \/><\/figure><\/div>\n\n\n\n<p><\/p>\n\n\n\n<p id=\"block-7fc99097-f7eb-4ba8-8d9b-ca8e23790bcb\">Lors de la naissance, le nourrisson est soumis \u00e0 des tensions importantes. Un bilan ost\u00e9opathique est conseill\u00e9 afin de s\u2019assurer du bon d\u00e9veloppement du b\u00e9b\u00e9.&nbsp;<\/p>\n\n\n\n<p id=\"block-c25ee231-2b4b-4473-bcd9-718cf8277cd5\">Pourquoi consulter un ost\u00e9opathe pour votre b\u00e9b\u00e9&nbsp;?<\/p>\n\n\n\n<ul id=\"block-c81f24f6-0a22-402f-a52d-a7189eaf8864\"><li><strong>Accouchement difficile&nbsp;:<\/strong>&nbsp;anomalies des contractions, anomalies de la dilatation du col, absence d\u2019engagement du b\u00e9b\u00e9, accouchement long, c\u00e9sarienne, utilisation d\u2019instruments chirurgicaux (forceps, ventouses)\u2026 Ceci influe sur l\u2019ensemble du corps du b\u00e9b\u00e9 \u00e0 la naissance et par la suite \u00e9galement.<\/li><li><strong>Troubles de l\u2019allaitement&nbsp;:<\/strong>&nbsp;dans la majorit\u00e9 des cas, les difficult\u00e9s \u00e0 l\u2019allaitement peuvent provenir de certains blocages au niveau du corps du b\u00e9b\u00e9 (difficult\u00e9 \u00e0 tourner la t\u00eate d\u2019un c\u00f4t\u00e9, trouble de la succion\u2026)<\/li><li><strong>Troubles de la succion \/ d\u00e9glutition<\/strong>,&nbsp;pouvant entra\u00eener des fausses routes, des reflux, des toux r\u00e9p\u00e9t\u00e9es, des troubles du comportement alimentaire\u2026<\/li><li><strong>Torticolis<\/strong><\/li><li><strong>Troubles du sommeil<\/strong><\/li><li><strong>Plagioc\u00e9phalies<\/strong>&nbsp;(asym\u00e9trie du cr\u00e2ne, \u00ab&nbsp;t\u00eate plate&nbsp;\u00bb)&nbsp;: plus la prise en charge sera rapide, plus le traitement pourra \u00eatre efficace.<\/li><li><strong>Troubles digestifs&nbsp;:<\/strong>&nbsp;coliques, certaines r\u00e9gurgitations\u2026<\/li><\/ul>\n\n\n\n<p id=\"block-31442f19-9eab-468d-af02-0b22759b2347\"><strong><em>Le suivi ost\u00e9opathique de votre b\u00e9b\u00e9 ne dispense en aucun cas d\u2019un suivi m\u00e9dical p\u00e9diatrique. &nbsp;<\/em><\/strong><\/p>\n\n\n\n<p>Posturologie<\/p>\n\n\n\n<p><\/p>\n\n\n\n<p><\/p>\n","protected":false},"excerpt":{"rendered":"<p>Musculo-squelettiques Visc\u00e9ral Cr\u00e2nien L\u2019OST\u00c9OPATHIE POUR LES NOURRISSONS Lors de la naissance, le nourrisson est soumis&#8230;<\/p>\n<div class=\"more-link-wrapper\"><a class=\"more-link\" href=\"https:\/\/www.osteopathe-antibes-asse.fr\/index.php\/osteopathie\/\">lire l article<span class=\"screen-reader-text\">Ost\u00e9opathie<\/span><\/a><\/div>\n","protected":false},"author":1,"featured_media":0,"parent":0,"menu_order":0,"comment_status":"closed","ping_status":"closed","template":"","meta":[],"_links":{"self":[{"href":"https:\/\/www.osteopathe-antibes-asse.fr\/index.php\/wp-json\/wp\/v2\/pages\/149"}],"collection":[{"href":"https:\/\/www.osteopathe-antibes-asse.fr\/index.php\/wp-json\/wp\/v2\/pages"}],"about":[{"href":"https:\/\/www.osteopathe-antibes-asse.fr\/index.php\/wp-json\/wp\/v2\/types\/page"}],"author":[{"embeddable":true,"href":"https:\/\/www.osteopathe-antibes-asse.fr\/index.php\/wp-json\/wp\/v2\/users\/1"}],"replies":[{"embeddable":true,"href":"https:\/\/www.osteopathe-antibes-asse.fr\/index.php\/wp-json\/wp\/v2\/comments?post=149"}],"version-history":[{"count":2,"href":"https:\/\/www.osteopathe-antibes-asse.fr\/index.php\/wp-json\/wp\/v2\/pages\/149\/revisions"}],"predecessor-version":[{"id":162,"href":"https:\/\/www.osteopathe-antibes-asse.fr\/index.php\/wp-json\/wp\/v2\/pages\/149\/revisions\/162"}],"wp:attachment":[{"href":"https:\/\/www.osteopathe-antibes-asse.fr\/index.php\/wp-json\/wp\/v2\/media?parent=149"}],"curies":[{"name":"wp","href":"https:\/\/api.w.org\/{rel}","templated":true}]}}